{"id":446,"date":"2026-02-01T19:36:33","date_gmt":"2026-02-01T19:36:33","guid":{"rendered":"https:\/\/annesophie-rose.com\/?page_id=446"},"modified":"2026-02-22T14:57:22","modified_gmt":"2026-02-22T14:57:22","slug":"pack-vitalite-2","status":"publish","type":"page","link":"https:\/\/annesophie-rose.com\/?page_id=446","title":{"rendered":"Accompagnement Vitalit\u00e9"},"content":{"rendered":"\t\t<div data-elementor-type=\"wp-page\" data-elementor-id=\"446\" class=\"elementor elementor-446\">\n\t\t\t\t<div class=\"elementor-element elementor-element-d5599a5 e-flex e-con-boxed e-con e-parent\" data-id=\"d5599a5\" data-element_type=\"container\" data-e-type=\"container\">\n\t\t\t\t\t<div class=\"e-con-inner\">\n\t\t\t\t<div class=\"elementor-element elementor-element-e1b958f elementor-widget elementor-widget-heading\" data-id=\"e1b958f\" data-element_type=\"widget\" data-e-type=\"widget\" data-widget_type=\"heading.default\">\n\t\t\t\t\t<h2 class=\"elementor-heading-title elementor-size-default\">Retrouver son \u00e9nergie et ton mieux-\u00eatre en allant chercher l\u2019origine du d\u00e9s\u00e9quilibre<\/h2>\t\t\t\t<\/div>\n\t\t\t\t\t<\/div>\n\t\t\t\t<\/div>\n\t\t<div class=\"elementor-element elementor-element-d6b5be9 e-flex e-con-boxed e-con e-parent\" data-id=\"d6b5be9\" data-element_type=\"container\" data-e-type=\"container\">\n\t\t\t\t\t<div class=\"e-con-inner\">\n\t\t<div class=\"elementor-element elementor-element-48fd7e0 e-con-full e-flex e-con e-child\" data-id=\"48fd7e0\" data-element_type=\"container\" data-e-type=\"container\">\n\t\t\t\t<div class=\"elementor-element elementor-element-75a3685 elementor-widget__width-initial elementor-widget elementor-widget-image\" data-id=\"75a3685\" data-element_type=\"widget\" data-e-type=\"widget\" data-widget_type=\"image.default\">\n\t\t\t\t\t\t\t\t\t\t\t\t\t\t\t<img decoding=\"async\" src=\"https:\/\/annesophie-rose.com\/wp-content\/uploads\/elementor\/thumbs\/0X1A3842-riiqydof20g0i1sbpumc7cpulgk05arcsrc33al8us.jpg\" title=\"0X1A3842\" alt=\"0X1A3842\" loading=\"lazy\" \/>\t\t\t\t\t\t\t\t\t\t\t\t\t\t\t<\/div>\n\t\t\t\t<\/div>\n\t\t<div class=\"elementor-element elementor-element-c7fe86c e-con-full e-flex e-con e-child\" data-id=\"c7fe86c\" data-element_type=\"container\" data-e-type=\"container\">\n\t\t\t\t<div class=\"elementor-element elementor-element-8572c67 elementor-widget elementor-widget-text-editor\" data-id=\"8572c67\" data-element_type=\"widget\" data-e-type=\"widget\" data-widget_type=\"text-editor.default\">\n\t\t\t\t\t\t\t\t\t<h2 data-start=\"57\" data-end=\"85\">\u00c0 qui s\u2019adresse cet accompagnement ?<\/h2><p data-start=\"242\" data-end=\"590\">Quand les solutions habituelles ne suffisent plus, il est essentiel d\u2019\u00eatre accompagn\u00e9 avec m\u00e9thode, \u00e9coute et coh\u00e9rence.<br data-start=\"362\" data-end=\"365\" \/>Cet accompagnement en bien-\u00eatre s\u2019appuie sur les principes de la m\u00e9decine orientale et un travail de terrain, pour vous aider \u00e0 retrouver plus de bien-\u00eatre et de confort au quotidien \u2014 \u00e0 votre rythme, et \u00e0 distance.<\/p><p data-start=\"242\" data-end=\"590\"><span style=\"color: var( --e-global-color-09cc561 ); text-align: var(--text-align); font-size: var(--wp--preset--font-size--medium);\">Con\u00e7u pour les personnes qui se sentent \u201cbloqu\u00e9es\u201d, qui ne souhaitent pas d\u00e9pendre uniquement de m\u00e9dicaments, ou qui cherchent un soutien compl\u00e9mentaire \u00e0 leur suivi m\u00e9dical.<\/span><\/p>\t\t\t\t\t\t\t\t<\/div>\n\t\t\t\t<\/div>\n\t\t\t\t\t<\/div>\n\t\t\t\t<\/div>\n\t\t<div class=\"elementor-element elementor-element-78124f8 e-flex e-con-boxed e-con e-parent\" data-id=\"78124f8\" data-element_type=\"container\" data-e-type=\"container\">\n\t\t\t\t\t<div class=\"e-con-inner\">\n\t\t\t\t<div class=\"elementor-element elementor-element-1785f8e elementor-widget elementor-widget-text-editor\" data-id=\"1785f8e\" data-element_type=\"widget\" data-e-type=\"widget\" data-widget_type=\"text-editor.default\">\n\t\t\t\t\t\t\t\t\t<h2 style=\"caret-color: #000000; color: #000000;\" data-start=\"894\" data-end=\"920\">L&rsquo;objectif<\/h2><p style=\"caret-color: #000000; color: #000000;\" data-start=\"921\" data-end=\"1179\">L\u2019objectif est de vous aider \u00e0\u00a0<strong data-start=\"952\" data-end=\"967\">aller mieux<\/strong> en cessant de traiter uniquement la surface.<br data-start=\"1013\" data-end=\"1016\" \/>Dans cet accompagnement, nous recherchons les <strong data-start=\"1031\" data-end=\"1041\">causes du trouble. <\/strong>Nous activons les capacit\u00e9s naturelles du corps \u00e0 se r\u00e9g\u00e9n\u00e9rer, l\u00e0 o\u00f9 \u00e7a s\u2019est fig\u00e9. Progressivement, vous retrouvez <strong data-start=\"1120\" data-end=\"1178\">plus de vitalit\u00e9, de clart\u00e9 et de confort au quotidien<\/strong>.<\/p><h2 style=\"caret-color: #000000; color: #000000;\" data-start=\"394\" data-end=\"425\">L&rsquo;approche<\/h2><p style=\"caret-color: #000000; color: #000000;\" data-start=\"426\" data-end=\"542\">En 3 s\u00e9ances \u00e0 distance, je vous accompagne avec une approche inspir\u00e9e de la\u00a0<strong data-start=\"503\" data-end=\"535\">m\u00e9decine ancestrale chinoise<\/strong>\u00a0pour :<\/p><ul style=\"caret-color: #000000; color: #000000;\" data-start=\"543\" data-end=\"892\"><li data-start=\"543\" data-end=\"666\"><p data-start=\"545\" data-end=\"666\"><strong data-start=\"545\" data-end=\"569\">Identifier l\u2019origine<\/strong>\u00a0de votre d\u00e9s\u00e9quilibre (terrain, environnement, transg\u00e9n\u00e9rationnel, dysfonctionnements du corps).<\/p><\/li><li data-start=\"667\" data-end=\"752\"><p data-start=\"669\" data-end=\"752\"><strong data-start=\"669\" data-end=\"700\">Stimuler l\u2019\u00e9nergie du corps<\/strong>\u00a0et soutenir ses capacit\u00e9s naturelles de r\u00e9gulation.<\/p><\/li><li data-start=\"753\" data-end=\"892\"><p data-start=\"755\" data-end=\"892\">Vous donner des\u00a0<strong data-start=\"771\" data-end=\"805\">pistes claires et actionnables<\/strong>\u00a0pour avancer, en compl\u00e9ment d\u2019un suivi m\u00e9dical si vous en avez un (sans le remplacer).<\/p><\/li><\/ul>\t\t\t\t\t\t\t\t<\/div>\n\t\t\t\t<div class=\"elementor-element elementor-element-6cc27d9 elementor-widget elementor-widget-button\" data-id=\"6cc27d9\" data-element_type=\"widget\" data-e-type=\"widget\" data-widget_type=\"button.default\">\n\t\t\t\t\t\t\t\t\t\t<a class=\"elementor-button elementor-button-link elementor-size-sm\" href=\"https:\/\/buy.stripe.com\/28E8wI4569fi9Fj8JD0kE06\">\n\t\t\t\t\t\t<span class=\"elementor-button-content-wrapper\">\n\t\t\t\t\t\t\t\t\t<span class=\"elementor-button-text\">R\u00e9server un accompagnement<\/span>\n\t\t\t\t\t<\/span>\n\t\t\t\t\t<\/a>\n\t\t\t\t\t\t\t\t<\/div>\n\t\t\t\t\t<\/div>\n\t\t\t\t<\/div>\n\t\t\t\t<\/div>\n\t\t","protected":false},"excerpt":{"rendered":"<p>Retrouver son \u00e9nergie et ton mieux-\u00eatre en allant chercher l\u2019origine du d\u00e9s\u00e9quilibre \u00c0 qui s\u2019adresse cet accompagnement ? Quand les solutions habituelles ne suffisent plus, il est essentiel d\u2019\u00eatre accompagn\u00e9 avec m\u00e9thode, \u00e9coute et coh\u00e9rence.Cet accompagnement en bien-\u00eatre s\u2019appuie sur les principes de la m\u00e9decine orientale et un travail de terrain, pour vous aider \u00e0 [&hellip;]<\/p>\n","protected":false},"author":1,"featured_media":0,"parent":53,"menu_order":0,"comment_status":"closed","ping_status":"closed","template":"","meta":{"footnotes":""},"class_list":["post-446","page","type-page","status-publish","hentry"],"_hostinger_reach_plugin_has_subscription_block":false,"_hostinger_reach_plugin_is_elementor":false,"_links":{"self":[{"href":"https:\/\/annesophie-rose.com\/index.php?rest_route=\/wp\/v2\/pages\/446","targetHints":{"allow":["GET"]}}],"collection":[{"href":"https:\/\/annesophie-rose.com\/index.php?rest_route=\/wp\/v2\/pages"}],"about":[{"href":"https:\/\/annesophie-rose.com\/index.php?rest_route=\/wp\/v2\/types\/page"}],"author":[{"embeddable":true,"href":"https:\/\/annesophie-rose.com\/index.php?rest_route=\/wp\/v2\/users\/1"}],"replies":[{"embeddable":true,"href":"https:\/\/annesophie-rose.com\/index.php?rest_route=%2Fwp%2Fv2%2Fcomments&post=446"}],"version-history":[{"count":70,"href":"https:\/\/annesophie-rose.com\/index.php?rest_route=\/wp\/v2\/pages\/446\/revisions"}],"predecessor-version":[{"id":730,"href":"https:\/\/annesophie-rose.com\/index.php?rest_route=\/wp\/v2\/pages\/446\/revisions\/730"}],"up":[{"embeddable":true,"href":"https:\/\/annesophie-rose.com\/index.php?rest_route=\/wp\/v2\/pages\/53"}],"wp:attachment":[{"href":"https:\/\/annesophie-rose.com\/index.php?rest_route=%2Fwp%2Fv2%2Fmedia&parent=446"}],"curies":[{"name":"wp","href":"https:\/\/api.w.org\/{rel}","templated":true}]}}