{"id":640,"date":"2026-02-15T16:29:20","date_gmt":"2026-02-15T16:29:20","guid":{"rendered":"https:\/\/annesophie-rose.com\/?page_id=640"},"modified":"2026-02-22T14:57:11","modified_gmt":"2026-02-22T14:57:11","slug":"accompagnement-argent","status":"publish","type":"page","link":"https:\/\/annesophie-rose.com\/?page_id=640","title":{"rendered":"Accompagnement Argent"},"content":{"rendered":"\t\t<div data-elementor-type=\"wp-page\" data-elementor-id=\"640\" class=\"elementor elementor-640\">\n\t\t\t\t<div class=\"elementor-element elementor-element-d5599a5 e-flex e-con-boxed e-con e-parent\" data-id=\"d5599a5\" data-element_type=\"container\" data-e-type=\"container\">\n\t\t\t\t\t<div class=\"e-con-inner\">\n\t\t\t\t<div class=\"elementor-element elementor-element-e1b958f elementor-widget elementor-widget-heading\" data-id=\"e1b958f\" data-element_type=\"widget\" data-e-type=\"widget\" data-widget_type=\"heading.default\">\n\t\t\t\t\t<h2 class=\"elementor-heading-title elementor-size-default\">Retrouver son \u00e9nergie et ton mieux-\u00eatre en allant chercher l\u2019origine du d\u00e9s\u00e9quilibre<\/h2>\t\t\t\t<\/div>\n\t\t\t\t\t<\/div>\n\t\t\t\t<\/div>\n\t\t<div class=\"elementor-element elementor-element-d6b5be9 e-flex e-con-boxed e-con e-parent\" data-id=\"d6b5be9\" data-element_type=\"container\" data-e-type=\"container\">\n\t\t\t\t\t<div class=\"e-con-inner\">\n\t\t<div class=\"elementor-element elementor-element-48fd7e0 e-con-full e-flex e-con e-child\" data-id=\"48fd7e0\" data-element_type=\"container\" data-e-type=\"container\">\n\t\t\t\t<div class=\"elementor-element elementor-element-75a3685 elementor-widget__width-initial elementor-widget elementor-widget-image\" data-id=\"75a3685\" data-element_type=\"widget\" data-e-type=\"widget\" data-widget_type=\"image.default\">\n\t\t\t\t\t\t\t\t\t\t\t\t\t\t\t<img decoding=\"async\" src=\"https:\/\/annesophie-rose.com\/wp-content\/uploads\/elementor\/thumbs\/0X1A3842-riiqydof20g0i1sbpumc7cpulgk05arcsrc33al8us.jpg\" title=\"0X1A3842\" alt=\"0X1A3842\" loading=\"lazy\" \/>\t\t\t\t\t\t\t\t\t\t\t\t\t\t\t<\/div>\n\t\t\t\t<\/div>\n\t\t<div class=\"elementor-element elementor-element-c7fe86c e-con-full e-flex e-con e-child\" data-id=\"c7fe86c\" data-element_type=\"container\" data-e-type=\"container\">\n\t\t\t\t<div class=\"elementor-element elementor-element-8572c67 elementor-widget elementor-widget-text-editor\" data-id=\"8572c67\" data-element_type=\"widget\" data-e-type=\"widget\" data-widget_type=\"text-editor.default\">\n\t\t\t\t\t\t\t\t\t<h2 data-start=\"57\" data-end=\"85\">\u00c0 qui s\u2019adresse cet accompagnement ?<\/h2><p data-start=\"0\" data-end=\"274\">Avoir de l\u2019argent ou ne pas en avoir n\u2019est pas une question de chance. C\u2019est, tr\u00e8s souvent, une question <strong data-start=\"119\" data-end=\"134\">\u00e9nerg\u00e9tique.<\/strong> L\u2019argent est li\u00e9 \u00e0 la perception de notre propre valeur.<\/p><p data-start=\"276\" data-end=\"730\">Ce pack est con\u00e7u pour celles et ceux qui sentent un frein invisible dans leur relation \u00e0 l\u2019argent : un plafond de verre, une peur du manque, une difficult\u00e9 \u00e0 recevoir, ou des sch\u00e9mas qui se r\u00e9p\u00e8tent (gagner puis reperdre, d\u00e9penses impulsives, stress financier m\u00eame quand \u201ctout va bien\u201d). Souvent, ces m\u00e9canismes viennent de croyances h\u00e9rit\u00e9es : culture, messages entendus dans l\u2019enfance, loyaut\u00e9s familiales, culpabilit\u00e9 associ\u00e9e au fait d\u2019avoir \u201cplus\u201d.<\/p><p data-start=\"732\" data-end=\"1031\">L\u2019accompagnement travaille pr\u00e9cis\u00e9ment le lien entre <strong data-start=\"785\" data-end=\"816\">l\u2019\u00e9nerg\u00e9tique et le concret<\/strong>. En r\u00e9\u00e9quilibrant ce qui se joue \u00e0 l\u2019int\u00e9rieur, la relation \u00e0 l\u2019argent se transforme dans la mati\u00e8re : d\u00e9cisions plus claires, limites plus justes, stabilit\u00e9 renforc\u00e9e, capacit\u00e9 \u00e0 recevoir et \u00e0 g\u00e9rer avec s\u00e9r\u00e9nit\u00e9.<\/p>\t\t\t\t\t\t\t\t<\/div>\n\t\t\t\t<\/div>\n\t\t\t\t\t<\/div>\n\t\t\t\t<\/div>\n\t\t<div class=\"elementor-element elementor-element-78124f8 e-flex e-con-boxed e-con e-parent\" data-id=\"78124f8\" data-element_type=\"container\" data-e-type=\"container\">\n\t\t\t\t\t<div class=\"e-con-inner\">\n\t\t\t\t<div class=\"elementor-element elementor-element-6cc27d9 elementor-widget elementor-widget-button\" data-id=\"6cc27d9\" data-element_type=\"widget\" data-e-type=\"widget\" data-widget_type=\"button.default\">\n\t\t\t\t\t\t\t\t\t\t<a class=\"elementor-button elementor-button-link elementor-size-sm\" href=\"https:\/\/buy.stripe.com\/28E8wI4569fi9Fj8JD0kE06\">\n\t\t\t\t\t\t<span class=\"elementor-button-content-wrapper\">\n\t\t\t\t\t\t\t\t\t<span class=\"elementor-button-text\">R\u00e9server un accompagnement<\/span>\n\t\t\t\t\t<\/span>\n\t\t\t\t\t<\/a>\n\t\t\t\t\t\t\t\t<\/div>\n\t\t\t\t<div class=\"elementor-element elementor-element-1785f8e elementor-widget elementor-widget-text-editor\" data-id=\"1785f8e\" data-element_type=\"widget\" data-e-type=\"widget\" data-widget_type=\"text-editor.default\">\n\t\t\t\t\t\t\t\t\t<h2 style=\"caret-color: #000000; color: #000000;\" data-start=\"894\" data-end=\"920\">L&rsquo;objectif<\/h2><p data-start=\"34\" data-end=\"358\">L\u2019objectif est de <strong>transformer en profondeur la relation \u00e0 l\u2019argent,<\/strong> en partant de votre histoire personnelle. Le bilan initial permet de mettre en lumi\u00e8re les m\u00e9canismes qui vous influencent aujourd\u2019hui : croyances apprises, peurs, sch\u00e9mas r\u00e9p\u00e9titifs, et, lorsque c\u2019est pertinent, empreintes transg\u00e9n\u00e9rationnelles.<\/p><p data-start=\"360\" data-end=\"763\">Une fois les points bloquants identifi\u00e9s \u2014 o\u00f9 ils se logent, comment ils se d\u00e9clenchent, ce qu\u2019ils prot\u00e8gent \u2014 l\u2019accompagnement vise \u00e0 lib\u00e9rer ces freins progressivement, puis \u00e0 <strong>installer les codes de l&rsquo;abondance.<\/strong> Cela permet de reprogrammer une relation plus saine et plus stable \u00e0 l\u2019argent : recevoir, d\u00e9cider avec plus de clart\u00e9, et avancer sans culpabilit\u00e9 ni auto-sabotage.<\/p><p data-start=\"765\" data-end=\"1043\" data-is-last-node=\"\" data-is-only-node=\"\">Apr\u00e8s le travail, les clients observent que de nouvelles possibilit\u00e9s deviennent visibles : des opportunit\u00e9s apparaissent, des portes s\u2019ouvrent, et surtout des choix deviennent enfin accessibles \u2014 des choix qui, auparavant, auraient \u00e9t\u00e9 \u00e9vit\u00e9s ou sabot\u00e9s sans m\u00eame s\u2019en rendre compte.<\/p><h2 style=\"caret-color: #000000; color: #000000;\" data-start=\"394\" data-end=\"425\">L&rsquo;approche<\/h2><p style=\"caret-color: #000000; color: #000000;\" data-start=\"426\" data-end=\"542\">En 3 s\u00e9ances \u00e0 distance, je vous accompagne avec une approche inspir\u00e9e de la\u00a0<strong data-start=\"503\" data-end=\"535\">m\u00e9decine ancestrale chinoise<\/strong>\u00a0pour :<\/p><ul style=\"caret-color: #000000; color: #000000;\" data-start=\"543\" data-end=\"892\"><li data-start=\"543\" data-end=\"666\"><p data-start=\"545\" data-end=\"666\"><strong data-start=\"545\" data-end=\"569\">Identifier l\u2019origine<\/strong> des blocages.<\/p><\/li><li data-start=\"667\" data-end=\"752\"><p data-start=\"669\" data-end=\"752\"><strong data-start=\"669\" data-end=\"700\">Reprogrammer une nouvelle identit\u00e9 <\/strong>li\u00e9e \u00e0 l&rsquo;argent et \u00e0 l&rsquo;abondance.\u00a0<\/p><\/li><\/ul><p><strong>Transformer votre regard sur la richesse, pour cr\u00e9er une vie abondante sur tous les plans.<\/strong><\/p><div class=\"flex flex-col text-sm pb-25\"><article class=\"text-token-text-primary w-full focus:outline-none [--shadow-height:45px] has-data-writing-block:pointer-events-none has-data-writing-block:-mt-(--shadow-height) has-data-writing-block:pt-(--shadow-height) [&amp;:has([data-writing-block])&gt;*]:pointer-events-auto scroll-mt-[calc(var(--header-height)+min(200px,max(70px,20svh)))]\" dir=\"auto\" tabindex=\"-1\" data-turn-id=\"request-6977ca6d-d3ac-8330-89a5-d7eb730fff60-3\" data-testid=\"conversation-turn-40\" data-scroll-anchor=\"true\" data-turn=\"assistant\"><div class=\"text-base my-auto mx-auto pb-10 [--thread-content-margin:--spacing(4)] @w-sm\/main:[--thread-content-margin:--spacing(6)] @w-lg\/main:[--thread-content-margin:--spacing(16)] px-(--thread-content-margin)\"><div class=\"[--thread-content-max-width:40rem] @w-lg\/main:[--thread-content-max-width:48rem] mx-auto max-w-(--thread-content-max-width) flex-1 group\/turn-messages focus-visible:outline-hidden relative flex w-full min-w-0 flex-col agent-turn\" tabindex=\"-1\"><div class=\"z-0 flex min-h-[46px] justify-start\">\u00a0<\/div><div class=\"mt-3 w-full empty:hidden\"><div class=\"text-center\">\u00a0<\/div><\/div><\/div><\/div><\/article><\/div>\t\t\t\t\t\t\t\t<\/div>\n\t\t\t\t\t<\/div>\n\t\t\t\t<\/div>\n\t\t\t\t<\/div>\n\t\t","protected":false},"excerpt":{"rendered":"<p>Retrouver son \u00e9nergie et ton mieux-\u00eatre en allant chercher l\u2019origine du d\u00e9s\u00e9quilibre \u00c0 qui s\u2019adresse cet accompagnement ? Avoir de l\u2019argent ou ne pas en avoir n\u2019est pas une question de chance. C\u2019est, tr\u00e8s souvent, une question \u00e9nerg\u00e9tique. L\u2019argent est li\u00e9 \u00e0 la perception de notre propre valeur. Ce pack est con\u00e7u pour celles et [&hellip;]<\/p>\n","protected":false},"author":1,"featured_media":0,"parent":53,"menu_order":0,"comment_status":"closed","ping_status":"closed","template":"","meta":{"footnotes":""},"class_list":["post-640","page","type-page","status-publish","hentry"],"_hostinger_reach_plugin_has_subscription_block":false,"_hostinger_reach_plugin_is_elementor":false,"_links":{"self":[{"href":"https:\/\/annesophie-rose.com\/index.php?rest_route=\/wp\/v2\/pages\/640","targetHints":{"allow":["GET"]}}],"collection":[{"href":"https:\/\/annesophie-rose.com\/index.php?rest_route=\/wp\/v2\/pages"}],"about":[{"href":"https:\/\/annesophie-rose.com\/index.php?rest_route=\/wp\/v2\/types\/page"}],"author":[{"embeddable":true,"href":"https:\/\/annesophie-rose.com\/index.php?rest_route=\/wp\/v2\/users\/1"}],"replies":[{"embeddable":true,"href":"https:\/\/annesophie-rose.com\/index.php?rest_route=%2Fwp%2Fv2%2Fcomments&post=640"}],"version-history":[{"count":25,"href":"https:\/\/annesophie-rose.com\/index.php?rest_route=\/wp\/v2\/pages\/640\/revisions"}],"predecessor-version":[{"id":727,"href":"https:\/\/annesophie-rose.com\/index.php?rest_route=\/wp\/v2\/pages\/640\/revisions\/727"}],"up":[{"embeddable":true,"href":"https:\/\/annesophie-rose.com\/index.php?rest_route=\/wp\/v2\/pages\/53"}],"wp:attachment":[{"href":"https:\/\/annesophie-rose.com\/index.php?rest_route=%2Fwp%2Fv2%2Fmedia&parent=640"}],"curies":[{"name":"wp","href":"https:\/\/api.w.org\/{rel}","templated":true}]}}